{"id":994,"date":"2025-08-28T13:36:58","date_gmt":"2025-08-28T11:36:58","guid":{"rendered":"https:\/\/rexel.be\/podcast\/afl-6-3-energietransitie-energieopslag-meerwaarde-voor-installateurs-8\/"},"modified":"2026-01-22T11:51:11","modified_gmt":"2026-01-22T10:51:11","slug":"ep-4-3-panneaux-photovoltaiques-limportance-de-la-gestion-de-lenergie","status":"publish","type":"podcast","link":"https:\/\/rexel.be\/fr\/talks\/ep-4-3-panneaux-photovoltaiques-limportance-de-la-gestion-de-lenergie\/","title":{"rendered":"EP #4.3 : Panneaux photovolta\u00efques | L\u2019importance de la gestion de l\u2019\u00e9nergie"},"featured_media":3830,"template":"","meta":{"_acf_changed":false,"inline_featured_image":false,"_links_to":"","_links_to_target":""},"podcast_topic":[147],"class_list":["post-994","podcast","type-podcast","status-publish","has-post-thumbnail","hentry","podcast_topic-panneaux-solaires"],"acf":[],"yoast_head":"<!-- This site is optimized with the Yoast SEO plugin v27.4 - https:\/\/yoast.com\/product\/yoast-seo-wordpress\/ -->\n<title>EP #4.3 : Panneaux photovolta\u00efques | L\u2019importance de la gestion de l\u2019\u00e9nergie - Rexel<\/title>\n<meta name=\"description\" content=\"Tout tourne autour de comprendre o\u00f9 se situe votre consommation d&#039;\u00e9nergie, afin que vous puissiez \u00e9conomiser de mani\u00e8re cibl\u00e9e.\" \/>\n<meta name=\"robots\" content=\"index, follow, max-snippet:-1, max-image-preview:large, max-video-preview:-1\" \/>\n<link rel=\"canonical\" href=\"https:\/\/rexel.be\/fr\/talks\/ep-4-3-panneaux-photovoltaiques-limportance-de-la-gestion-de-lenergie\/\" \/>\n<meta property=\"og:locale\" content=\"fr_FR\" \/>\n<meta property=\"og:type\" content=\"article\" \/>\n<meta property=\"og:title\" content=\"EP #4.3 : Panneaux photovolta\u00efques | L\u2019importance de la gestion de l\u2019\u00e9nergie - Rexel\" \/>\n<meta property=\"og:description\" content=\"Tout tourne autour de comprendre o\u00f9 se situe votre consommation d&#039;\u00e9nergie, afin que vous puissiez \u00e9conomiser de mani\u00e8re cibl\u00e9e.\" \/>\n<meta property=\"og:url\" content=\"https:\/\/rexel.be\/fr\/talks\/ep-4-3-panneaux-photovoltaiques-limportance-de-la-gestion-de-lenergie\/\" \/>\n<meta property=\"og:site_name\" content=\"Rexel\" \/>\n<meta property=\"article:modified_time\" content=\"2026-01-22T10:51:11+00:00\" \/>\n<meta property=\"og:image\" content=\"https:\/\/rexel.be\/wp-content\/uploads\/2025\/08\/Podcast-zonnepanelen-FR-scaled.jpg\" \/>\n\t<meta property=\"og:image:width\" content=\"2560\" \/>\n\t<meta property=\"og:image:height\" content=\"2560\" \/>\n\t<meta property=\"og:image:type\" content=\"image\/jpeg\" \/>\n<meta name=\"twitter:card\" content=\"summary_large_image\" \/>\n<meta name=\"twitter:label1\" content=\"Dur\u00e9e de lecture estim\u00e9e\" \/>\n\t<meta name=\"twitter:data1\" content=\"1 minute\" \/>\n<script type=\"application\/ld+json\" class=\"yoast-schema-graph\">{\"@context\":\"https:\\\/\\\/schema.org\",\"@graph\":[{\"@type\":\"WebPage\",\"@id\":\"https:\\\/\\\/rexel.be\\\/fr\\\/talks\\\/ep-4-3-panneaux-photovoltaiques-limportance-de-la-gestion-de-lenergie\\\/\",\"url\":\"https:\\\/\\\/rexel.be\\\/fr\\\/talks\\\/ep-4-3-panneaux-photovoltaiques-limportance-de-la-gestion-de-lenergie\\\/\",\"name\":\"EP #4.3 : Panneaux photovolta\u00efques | L\u2019importance de la gestion de l\u2019\u00e9nergie - Rexel\",\"isPartOf\":{\"@id\":\"https:\\\/\\\/rexel.be\\\/fr\\\/#website\"},\"primaryImageOfPage\":{\"@id\":\"https:\\\/\\\/rexel.be\\\/fr\\\/talks\\\/ep-4-3-panneaux-photovoltaiques-limportance-de-la-gestion-de-lenergie\\\/#primaryimage\"},\"image\":{\"@id\":\"https:\\\/\\\/rexel.be\\\/fr\\\/talks\\\/ep-4-3-panneaux-photovoltaiques-limportance-de-la-gestion-de-lenergie\\\/#primaryimage\"},\"thumbnailUrl\":\"https:\\\/\\\/rexel.be\\\/wp-content\\\/uploads\\\/2025\\\/08\\\/Podcast-zonnepanelen-FR-scaled.jpg\",\"datePublished\":\"2025-08-28T11:36:58+00:00\",\"dateModified\":\"2026-01-22T10:51:11+00:00\",\"description\":\"Tout tourne autour de comprendre o\u00f9 se situe votre consommation d'\u00e9nergie, afin que vous puissiez \u00e9conomiser de mani\u00e8re cibl\u00e9e.\",\"breadcrumb\":{\"@id\":\"https:\\\/\\\/rexel.be\\\/fr\\\/talks\\\/ep-4-3-panneaux-photovoltaiques-limportance-de-la-gestion-de-lenergie\\\/#breadcrumb\"},\"inLanguage\":\"fr-FR\",\"potentialAction\":[{\"@type\":\"ReadAction\",\"target\":[\"https:\\\/\\\/rexel.be\\\/fr\\\/talks\\\/ep-4-3-panneaux-photovoltaiques-limportance-de-la-gestion-de-lenergie\\\/\"]}]},{\"@type\":\"ImageObject\",\"inLanguage\":\"fr-FR\",\"@id\":\"https:\\\/\\\/rexel.be\\\/fr\\\/talks\\\/ep-4-3-panneaux-photovoltaiques-limportance-de-la-gestion-de-lenergie\\\/#primaryimage\",\"url\":\"https:\\\/\\\/rexel.be\\\/wp-content\\\/uploads\\\/2025\\\/08\\\/Podcast-zonnepanelen-FR-scaled.jpg\",\"contentUrl\":\"https:\\\/\\\/rexel.be\\\/wp-content\\\/uploads\\\/2025\\\/08\\\/Podcast-zonnepanelen-FR-scaled.jpg\",\"width\":2560,\"height\":2560},{\"@type\":\"BreadcrumbList\",\"@id\":\"https:\\\/\\\/rexel.be\\\/fr\\\/talks\\\/ep-4-3-panneaux-photovoltaiques-limportance-de-la-gestion-de-lenergie\\\/#breadcrumb\",\"itemListElement\":[{\"@type\":\"ListItem\",\"position\":1,\"name\":\"Home\",\"item\":\"https:\\\/\\\/rexel.be\\\/fr\\\/\"},{\"@type\":\"ListItem\",\"position\":2,\"name\":\"Podcast\",\"item\":\"https:\\\/\\\/rexel.be\\\/fr\\\/talks\\\/\"},{\"@type\":\"ListItem\",\"position\":3,\"name\":\"EP #4.3 : Panneaux photovolta\u00efques | L\u2019importance de la gestion de l\u2019\u00e9nergie\"}]},{\"@type\":\"WebSite\",\"@id\":\"https:\\\/\\\/rexel.be\\\/fr\\\/#website\",\"url\":\"https:\\\/\\\/rexel.be\\\/fr\\\/\",\"name\":\"Rexel\",\"description\":\"\",\"potentialAction\":[{\"@type\":\"SearchAction\",\"target\":{\"@type\":\"EntryPoint\",\"urlTemplate\":\"https:\\\/\\\/rexel.be\\\/fr\\\/?s={search_term_string}\"},\"query-input\":{\"@type\":\"PropertyValueSpecification\",\"valueRequired\":true,\"valueName\":\"search_term_string\"}}],\"inLanguage\":\"fr-FR\"}]}<\/script>\n<!-- \/ Yoast SEO plugin. -->","yoast_head_json":{"title":"EP #4.3 : Panneaux photovolta\u00efques | L\u2019importance de la gestion de l\u2019\u00e9nergie - Rexel","description":"Tout tourne autour de comprendre o\u00f9 se situe votre consommation d'\u00e9nergie, afin que vous puissiez \u00e9conomiser de mani\u00e8re cibl\u00e9e.","robots":{"index":"index","follow":"follow","max-snippet":"max-snippet:-1","max-image-preview":"max-image-preview:large","max-video-preview":"max-video-preview:-1"},"canonical":"https:\/\/rexel.be\/fr\/talks\/ep-4-3-panneaux-photovoltaiques-limportance-de-la-gestion-de-lenergie\/","og_locale":"fr_FR","og_type":"article","og_title":"EP #4.3 : Panneaux photovolta\u00efques | L\u2019importance de la gestion de l\u2019\u00e9nergie - Rexel","og_description":"Tout tourne autour de comprendre o\u00f9 se situe votre consommation d'\u00e9nergie, afin que vous puissiez \u00e9conomiser de mani\u00e8re cibl\u00e9e.","og_url":"https:\/\/rexel.be\/fr\/talks\/ep-4-3-panneaux-photovoltaiques-limportance-de-la-gestion-de-lenergie\/","og_site_name":"Rexel","article_modified_time":"2026-01-22T10:51:11+00:00","og_image":[{"width":2560,"height":2560,"url":"https:\/\/rexel.be\/wp-content\/uploads\/2025\/08\/Podcast-zonnepanelen-FR-scaled.jpg","type":"image\/jpeg"}],"twitter_card":"summary_large_image","twitter_misc":{"Dur\u00e9e de lecture estim\u00e9e":"1 minute"},"schema":{"@context":"https:\/\/schema.org","@graph":[{"@type":"WebPage","@id":"https:\/\/rexel.be\/fr\/talks\/ep-4-3-panneaux-photovoltaiques-limportance-de-la-gestion-de-lenergie\/","url":"https:\/\/rexel.be\/fr\/talks\/ep-4-3-panneaux-photovoltaiques-limportance-de-la-gestion-de-lenergie\/","name":"EP #4.3 : Panneaux photovolta\u00efques | L\u2019importance de la gestion de l\u2019\u00e9nergie - Rexel","isPartOf":{"@id":"https:\/\/rexel.be\/fr\/#website"},"primaryImageOfPage":{"@id":"https:\/\/rexel.be\/fr\/talks\/ep-4-3-panneaux-photovoltaiques-limportance-de-la-gestion-de-lenergie\/#primaryimage"},"image":{"@id":"https:\/\/rexel.be\/fr\/talks\/ep-4-3-panneaux-photovoltaiques-limportance-de-la-gestion-de-lenergie\/#primaryimage"},"thumbnailUrl":"https:\/\/rexel.be\/wp-content\/uploads\/2025\/08\/Podcast-zonnepanelen-FR-scaled.jpg","datePublished":"2025-08-28T11:36:58+00:00","dateModified":"2026-01-22T10:51:11+00:00","description":"Tout tourne autour de comprendre o\u00f9 se situe votre consommation d'\u00e9nergie, afin que vous puissiez \u00e9conomiser de mani\u00e8re cibl\u00e9e.","breadcrumb":{"@id":"https:\/\/rexel.be\/fr\/talks\/ep-4-3-panneaux-photovoltaiques-limportance-de-la-gestion-de-lenergie\/#breadcrumb"},"inLanguage":"fr-FR","potentialAction":[{"@type":"ReadAction","target":["https:\/\/rexel.be\/fr\/talks\/ep-4-3-panneaux-photovoltaiques-limportance-de-la-gestion-de-lenergie\/"]}]},{"@type":"ImageObject","inLanguage":"fr-FR","@id":"https:\/\/rexel.be\/fr\/talks\/ep-4-3-panneaux-photovoltaiques-limportance-de-la-gestion-de-lenergie\/#primaryimage","url":"https:\/\/rexel.be\/wp-content\/uploads\/2025\/08\/Podcast-zonnepanelen-FR-scaled.jpg","contentUrl":"https:\/\/rexel.be\/wp-content\/uploads\/2025\/08\/Podcast-zonnepanelen-FR-scaled.jpg","width":2560,"height":2560},{"@type":"BreadcrumbList","@id":"https:\/\/rexel.be\/fr\/talks\/ep-4-3-panneaux-photovoltaiques-limportance-de-la-gestion-de-lenergie\/#breadcrumb","itemListElement":[{"@type":"ListItem","position":1,"name":"Home","item":"https:\/\/rexel.be\/fr\/"},{"@type":"ListItem","position":2,"name":"Podcast","item":"https:\/\/rexel.be\/fr\/talks\/"},{"@type":"ListItem","position":3,"name":"EP #4.3 : Panneaux photovolta\u00efques | L\u2019importance de la gestion de l\u2019\u00e9nergie"}]},{"@type":"WebSite","@id":"https:\/\/rexel.be\/fr\/#website","url":"https:\/\/rexel.be\/fr\/","name":"Rexel","description":"","potentialAction":[{"@type":"SearchAction","target":{"@type":"EntryPoint","urlTemplate":"https:\/\/rexel.be\/fr\/?s={search_term_string}"},"query-input":{"@type":"PropertyValueSpecification","valueRequired":true,"valueName":"search_term_string"}}],"inLanguage":"fr-FR"}]}},"_links":{"self":[{"href":"https:\/\/rexel.be\/fr\/wp-json\/wp\/v2\/podcast\/994","targetHints":{"allow":["GET"]}}],"collection":[{"href":"https:\/\/rexel.be\/fr\/wp-json\/wp\/v2\/podcast"}],"about":[{"href":"https:\/\/rexel.be\/fr\/wp-json\/wp\/v2\/types\/podcast"}],"wp:featuredmedia":[{"embeddable":true,"href":"https:\/\/rexel.be\/fr\/wp-json\/wp\/v2\/media\/3830"}],"wp:attachment":[{"href":"https:\/\/rexel.be\/fr\/wp-json\/wp\/v2\/media?parent=994"}],"wp:term":[{"taxonomy":"podcast_topic","embeddable":true,"href":"https:\/\/rexel.be\/fr\/wp-json\/wp\/v2\/podcast_topic?post=994"}],"curies":[{"name":"wp","href":"https:\/\/api.w.org\/{rel}","templated":true}]}}

EP #4.3 : Panneaux photovoltaïques | L’importance de la gestion de l’énergie

<!-- This site is optimized with the Yoast SEO plugin v27.4 - https://yoast.com/product/yoast-seo-wordpress/ -->
<title>EP #4.3 : Panneaux photovoltaïques | L’importance de la gestion de l’énergie - Rexel</title>
<meta name="description" content="Tout tourne autour de comprendre où se situe votre consommation d&#039;énergie, afin que vous puissiez économiser de manière ciblée." />
<meta name="robots" content="index, follow, max-snippet:-1, max-image-preview:large, max-video-preview:-1" />
<link rel="canonical" href="https://rexel.be/fr/talks/ep-4-3-panneaux-photovoltaiques-limportance-de-la-gestion-de-lenergie/" />
<meta property="og:locale" content="fr_FR" />
<meta property="og:type" content="article" />
<meta property="og:title" content="EP #4.3 : Panneaux photovoltaïques | L’importance de la gestion de l’énergie - Rexel" />
<meta property="og:description" content="Tout tourne autour de comprendre où se situe votre consommation d&#039;énergie, afin que vous puissiez économiser de manière ciblée." />
<meta property="og:url" content="https://rexel.be/fr/talks/ep-4-3-panneaux-photovoltaiques-limportance-de-la-gestion-de-lenergie/" />
<meta property="og:site_name" content="Rexel" />
<meta property="article:modified_time" content="2026-01-22T10:51:11+00:00" />
<meta property="og:image" content="https://rexel.be/wp-content/uploads/2025/08/Podcast-zonnepanelen-FR-scaled.jpg" />
	<meta property="og:image:width" content="2560" />
	<meta property="og:image:height" content="2560" />
	<meta property="og:image:type" content="image/jpeg" />
<meta name="twitter:card" content="summary_large_image" />
<meta name="twitter:label1" content="Durée de lecture estimée" />
	<meta name="twitter:data1" content="1 minute" />
<script type="application/ld+json" class="yoast-schema-graph">{"@context":"https:\/\/schema.org","@graph":[{"@type":"WebPage","@id":"https:\/\/rexel.be\/fr\/talks\/ep-4-3-panneaux-photovoltaiques-limportance-de-la-gestion-de-lenergie\/","url":"https:\/\/rexel.be\/fr\/talks\/ep-4-3-panneaux-photovoltaiques-limportance-de-la-gestion-de-lenergie\/","name":"EP #4.3 : Panneaux photovoltaïques | L’importance de la gestion de l’énergie - Rexel","isPartOf":{"@id":"https:\/\/rexel.be\/fr\/#website"},"primaryImageOfPage":{"@id":"https:\/\/rexel.be\/fr\/talks\/ep-4-3-panneaux-photovoltaiques-limportance-de-la-gestion-de-lenergie\/#primaryimage"},"image":{"@id":"https:\/\/rexel.be\/fr\/talks\/ep-4-3-panneaux-photovoltaiques-limportance-de-la-gestion-de-lenergie\/#primaryimage"},"thumbnailUrl":"https:\/\/rexel.be\/wp-content\/uploads\/2025\/08\/Podcast-zonnepanelen-FR-scaled.jpg","datePublished":"2025-08-28T11:36:58+00:00","dateModified":"2026-01-22T10:51:11+00:00","description":"Tout tourne autour de comprendre où se situe votre consommation d'énergie, afin que vous puissiez économiser de manière ciblée.","breadcrumb":{"@id":"https:\/\/rexel.be\/fr\/talks\/ep-4-3-panneaux-photovoltaiques-limportance-de-la-gestion-de-lenergie\/#breadcrumb"},"inLanguage":"fr-FR","potentialAction":[{"@type":"ReadAction","target":["https:\/\/rexel.be\/fr\/talks\/ep-4-3-panneaux-photovoltaiques-limportance-de-la-gestion-de-lenergie\/"]}]},{"@type":"ImageObject","inLanguage":"fr-FR","@id":"https:\/\/rexel.be\/fr\/talks\/ep-4-3-panneaux-photovoltaiques-limportance-de-la-gestion-de-lenergie\/#primaryimage","url":"https:\/\/rexel.be\/wp-content\/uploads\/2025\/08\/Podcast-zonnepanelen-FR-scaled.jpg","contentUrl":"https:\/\/rexel.be\/wp-content\/uploads\/2025\/08\/Podcast-zonnepanelen-FR-scaled.jpg","width":2560,"height":2560},{"@type":"BreadcrumbList","@id":"https:\/\/rexel.be\/fr\/talks\/ep-4-3-panneaux-photovoltaiques-limportance-de-la-gestion-de-lenergie\/#breadcrumb","itemListElement":[{"@type":"ListItem","position":1,"name":"Home","item":"https:\/\/rexel.be\/fr\/"},{"@type":"ListItem","position":2,"name":"Podcast","item":"https:\/\/rexel.be\/fr\/talks\/"},{"@type":"ListItem","position":3,"name":"EP #4.3 : Panneaux photovoltaïques | L’importance de la gestion de l’énergie"}]},{"@type":"WebSite","@id":"https:\/\/rexel.be\/fr\/#website","url":"https:\/\/rexel.be\/fr\/","name":"Rexel","description":"","potentialAction":[{"@type":"SearchAction","target":{"@type":"EntryPoint","urlTemplate":"https:\/\/rexel.be\/fr\/?s={search_term_string}"},"query-input":{"@type":"PropertyValueSpecification","valueRequired":true,"valueName":"search_term_string"}}],"inLanguage":"fr-FR"}]}</script>
<!-- / Yoast SEO plugin. -->

EP #4.3 : Panneaux photovoltaïques | L’importance de la gestion de l’énergie - Rexel

Tout tourne autour de comprendre où se situe votre consommation d'énergie, afin que vous puissiez économiser de manière ciblée.
