{"id":987,"date":"2025-08-28T13:37:23","date_gmt":"2025-08-28T11:37:23","guid":{"rendered":"https:\/\/rexel.be\/podcast\/afl-6-3-energietransitie-energieopslag-meerwaarde-voor-installateurs-14\/"},"modified":"2026-01-22T13:23:55","modified_gmt":"2026-01-22T12:23:55","slug":"ep-6-2-la-transition-energetique-generer-des-revenus-avec-ems-compteur-numerique","status":"publish","type":"podcast","link":"https:\/\/rexel.be\/fr\/talks\/ep-6-2-la-transition-energetique-generer-des-revenus-avec-ems-compteur-numerique\/","title":{"rendered":"EP #6.2 : La transition \u00e9nerg\u00e9tique | G\u00e9n\u00e9rer des revenus avec EMS &#038; Compteur num\u00e9rique"},"featured_media":3836,"template":"","meta":{"_acf_changed":false,"inline_featured_image":false,"_links_to":"","_links_to_target":""},"podcast_topic":[175],"class_list":["post-987","podcast","type-podcast","status-publish","has-post-thumbnail","hentry","podcast_topic-transition-energetique"],"acf":[],"yoast_head":"<!-- This site is optimized with the Yoast SEO plugin v27.4 - https:\/\/yoast.com\/product\/yoast-seo-wordpress\/ -->\n<title>EP #6.2 : La transition \u00e9nerg\u00e9tique | G\u00e9n\u00e9rer des revenus avec EMS &amp; Compteur num\u00e9rique<\/title>\n<meta name=\"description\" content=\"Cet \u00e9pisode souligne que le compteur num\u00e9rique n&#039;est pas une contrainte, mais plut\u00f4t une opportunit\u00e9 d&#039;optimiser la consommation d&#039;\u00e9nergie.\" \/>\n<meta name=\"robots\" content=\"index, follow, max-snippet:-1, max-image-preview:large, max-video-preview:-1\" \/>\n<link rel=\"canonical\" href=\"https:\/\/rexel.be\/fr\/talks\/ep-6-2-la-transition-energetique-generer-des-revenus-avec-ems-compteur-numerique\/\" \/>\n<meta property=\"og:locale\" content=\"fr_FR\" \/>\n<meta property=\"og:type\" content=\"article\" \/>\n<meta property=\"og:title\" content=\"EP #6.2 : La transition \u00e9nerg\u00e9tique | G\u00e9n\u00e9rer des revenus avec EMS &amp; Compteur num\u00e9rique\" \/>\n<meta property=\"og:description\" content=\"Cet \u00e9pisode souligne que le compteur num\u00e9rique n&#039;est pas une contrainte, mais plut\u00f4t une opportunit\u00e9 d&#039;optimiser la consommation d&#039;\u00e9nergie.\" \/>\n<meta property=\"og:url\" content=\"https:\/\/rexel.be\/fr\/talks\/ep-6-2-la-transition-energetique-generer-des-revenus-avec-ems-compteur-numerique\/\" \/>\n<meta property=\"og:site_name\" content=\"Rexel\" \/>\n<meta property=\"article:modified_time\" content=\"2026-01-22T12:23:55+00:00\" \/>\n<meta property=\"og:image\" content=\"https:\/\/rexel.be\/wp-content\/uploads\/2025\/08\/Podcast-energietransitie-FR-scaled.jpg\" \/>\n\t<meta property=\"og:image:width\" content=\"2560\" \/>\n\t<meta property=\"og:image:height\" content=\"2560\" \/>\n\t<meta property=\"og:image:type\" content=\"image\/jpeg\" \/>\n<meta name=\"twitter:card\" content=\"summary_large_image\" \/>\n<meta name=\"twitter:label1\" content=\"Dur\u00e9e de lecture estim\u00e9e\" \/>\n\t<meta name=\"twitter:data1\" content=\"2 minutes\" \/>\n<script type=\"application\/ld+json\" class=\"yoast-schema-graph\">{\"@context\":\"https:\\\/\\\/schema.org\",\"@graph\":[{\"@type\":\"WebPage\",\"@id\":\"https:\\\/\\\/rexel.be\\\/fr\\\/talks\\\/ep-6-2-la-transition-energetique-generer-des-revenus-avec-ems-compteur-numerique\\\/\",\"url\":\"https:\\\/\\\/rexel.be\\\/fr\\\/talks\\\/ep-6-2-la-transition-energetique-generer-des-revenus-avec-ems-compteur-numerique\\\/\",\"name\":\"EP #6.2 : La transition \u00e9nerg\u00e9tique | G\u00e9n\u00e9rer des revenus avec EMS & Compteur num\u00e9rique\",\"isPartOf\":{\"@id\":\"https:\\\/\\\/rexel.be\\\/fr\\\/#website\"},\"primaryImageOfPage\":{\"@id\":\"https:\\\/\\\/rexel.be\\\/fr\\\/talks\\\/ep-6-2-la-transition-energetique-generer-des-revenus-avec-ems-compteur-numerique\\\/#primaryimage\"},\"image\":{\"@id\":\"https:\\\/\\\/rexel.be\\\/fr\\\/talks\\\/ep-6-2-la-transition-energetique-generer-des-revenus-avec-ems-compteur-numerique\\\/#primaryimage\"},\"thumbnailUrl\":\"https:\\\/\\\/rexel.be\\\/wp-content\\\/uploads\\\/2025\\\/08\\\/Podcast-energietransitie-FR-scaled.jpg\",\"datePublished\":\"2025-08-28T11:37:23+00:00\",\"dateModified\":\"2026-01-22T12:23:55+00:00\",\"description\":\"Cet \u00e9pisode souligne que le compteur num\u00e9rique n'est pas une contrainte, mais plut\u00f4t une opportunit\u00e9 d'optimiser la consommation d'\u00e9nergie.\",\"breadcrumb\":{\"@id\":\"https:\\\/\\\/rexel.be\\\/fr\\\/talks\\\/ep-6-2-la-transition-energetique-generer-des-revenus-avec-ems-compteur-numerique\\\/#breadcrumb\"},\"inLanguage\":\"fr-FR\",\"potentialAction\":[{\"@type\":\"ReadAction\",\"target\":[\"https:\\\/\\\/rexel.be\\\/fr\\\/talks\\\/ep-6-2-la-transition-energetique-generer-des-revenus-avec-ems-compteur-numerique\\\/\"]}]},{\"@type\":\"ImageObject\",\"inLanguage\":\"fr-FR\",\"@id\":\"https:\\\/\\\/rexel.be\\\/fr\\\/talks\\\/ep-6-2-la-transition-energetique-generer-des-revenus-avec-ems-compteur-numerique\\\/#primaryimage\",\"url\":\"https:\\\/\\\/rexel.be\\\/wp-content\\\/uploads\\\/2025\\\/08\\\/Podcast-energietransitie-FR-scaled.jpg\",\"contentUrl\":\"https:\\\/\\\/rexel.be\\\/wp-content\\\/uploads\\\/2025\\\/08\\\/Podcast-energietransitie-FR-scaled.jpg\",\"width\":2560,\"height\":2560},{\"@type\":\"BreadcrumbList\",\"@id\":\"https:\\\/\\\/rexel.be\\\/fr\\\/talks\\\/ep-6-2-la-transition-energetique-generer-des-revenus-avec-ems-compteur-numerique\\\/#breadcrumb\",\"itemListElement\":[{\"@type\":\"ListItem\",\"position\":1,\"name\":\"Home\",\"item\":\"https:\\\/\\\/rexel.be\\\/fr\\\/\"},{\"@type\":\"ListItem\",\"position\":2,\"name\":\"Podcast\",\"item\":\"https:\\\/\\\/rexel.be\\\/fr\\\/talks\\\/\"},{\"@type\":\"ListItem\",\"position\":3,\"name\":\"EP #6.2 : La transition \u00e9nerg\u00e9tique | G\u00e9n\u00e9rer des revenus avec EMS &#038; Compteur num\u00e9rique\"}]},{\"@type\":\"WebSite\",\"@id\":\"https:\\\/\\\/rexel.be\\\/fr\\\/#website\",\"url\":\"https:\\\/\\\/rexel.be\\\/fr\\\/\",\"name\":\"Rexel\",\"description\":\"\",\"potentialAction\":[{\"@type\":\"SearchAction\",\"target\":{\"@type\":\"EntryPoint\",\"urlTemplate\":\"https:\\\/\\\/rexel.be\\\/fr\\\/?s={search_term_string}\"},\"query-input\":{\"@type\":\"PropertyValueSpecification\",\"valueRequired\":true,\"valueName\":\"search_term_string\"}}],\"inLanguage\":\"fr-FR\"}]}<\/script>\n<!-- \/ Yoast SEO plugin. -->","yoast_head_json":{"title":"EP #6.2 : La transition \u00e9nerg\u00e9tique | G\u00e9n\u00e9rer des revenus avec EMS & Compteur num\u00e9rique","description":"Cet \u00e9pisode souligne que le compteur num\u00e9rique n'est pas une contrainte, mais plut\u00f4t une opportunit\u00e9 d'optimiser la consommation d'\u00e9nergie.","robots":{"index":"index","follow":"follow","max-snippet":"max-snippet:-1","max-image-preview":"max-image-preview:large","max-video-preview":"max-video-preview:-1"},"canonical":"https:\/\/rexel.be\/fr\/talks\/ep-6-2-la-transition-energetique-generer-des-revenus-avec-ems-compteur-numerique\/","og_locale":"fr_FR","og_type":"article","og_title":"EP #6.2 : La transition \u00e9nerg\u00e9tique | G\u00e9n\u00e9rer des revenus avec EMS & Compteur num\u00e9rique","og_description":"Cet \u00e9pisode souligne que le compteur num\u00e9rique n'est pas une contrainte, mais plut\u00f4t une opportunit\u00e9 d'optimiser la consommation d'\u00e9nergie.","og_url":"https:\/\/rexel.be\/fr\/talks\/ep-6-2-la-transition-energetique-generer-des-revenus-avec-ems-compteur-numerique\/","og_site_name":"Rexel","article_modified_time":"2026-01-22T12:23:55+00:00","og_image":[{"width":2560,"height":2560,"url":"https:\/\/rexel.be\/wp-content\/uploads\/2025\/08\/Podcast-energietransitie-FR-scaled.jpg","type":"image\/jpeg"}],"twitter_card":"summary_large_image","twitter_misc":{"Dur\u00e9e de lecture estim\u00e9e":"2 minutes"},"schema":{"@context":"https:\/\/schema.org","@graph":[{"@type":"WebPage","@id":"https:\/\/rexel.be\/fr\/talks\/ep-6-2-la-transition-energetique-generer-des-revenus-avec-ems-compteur-numerique\/","url":"https:\/\/rexel.be\/fr\/talks\/ep-6-2-la-transition-energetique-generer-des-revenus-avec-ems-compteur-numerique\/","name":"EP #6.2 : La transition \u00e9nerg\u00e9tique | G\u00e9n\u00e9rer des revenus avec EMS & Compteur num\u00e9rique","isPartOf":{"@id":"https:\/\/rexel.be\/fr\/#website"},"primaryImageOfPage":{"@id":"https:\/\/rexel.be\/fr\/talks\/ep-6-2-la-transition-energetique-generer-des-revenus-avec-ems-compteur-numerique\/#primaryimage"},"image":{"@id":"https:\/\/rexel.be\/fr\/talks\/ep-6-2-la-transition-energetique-generer-des-revenus-avec-ems-compteur-numerique\/#primaryimage"},"thumbnailUrl":"https:\/\/rexel.be\/wp-content\/uploads\/2025\/08\/Podcast-energietransitie-FR-scaled.jpg","datePublished":"2025-08-28T11:37:23+00:00","dateModified":"2026-01-22T12:23:55+00:00","description":"Cet \u00e9pisode souligne que le compteur num\u00e9rique n'est pas une contrainte, mais plut\u00f4t une opportunit\u00e9 d'optimiser la consommation d'\u00e9nergie.","breadcrumb":{"@id":"https:\/\/rexel.be\/fr\/talks\/ep-6-2-la-transition-energetique-generer-des-revenus-avec-ems-compteur-numerique\/#breadcrumb"},"inLanguage":"fr-FR","potentialAction":[{"@type":"ReadAction","target":["https:\/\/rexel.be\/fr\/talks\/ep-6-2-la-transition-energetique-generer-des-revenus-avec-ems-compteur-numerique\/"]}]},{"@type":"ImageObject","inLanguage":"fr-FR","@id":"https:\/\/rexel.be\/fr\/talks\/ep-6-2-la-transition-energetique-generer-des-revenus-avec-ems-compteur-numerique\/#primaryimage","url":"https:\/\/rexel.be\/wp-content\/uploads\/2025\/08\/Podcast-energietransitie-FR-scaled.jpg","contentUrl":"https:\/\/rexel.be\/wp-content\/uploads\/2025\/08\/Podcast-energietransitie-FR-scaled.jpg","width":2560,"height":2560},{"@type":"BreadcrumbList","@id":"https:\/\/rexel.be\/fr\/talks\/ep-6-2-la-transition-energetique-generer-des-revenus-avec-ems-compteur-numerique\/#breadcrumb","itemListElement":[{"@type":"ListItem","position":1,"name":"Home","item":"https:\/\/rexel.be\/fr\/"},{"@type":"ListItem","position":2,"name":"Podcast","item":"https:\/\/rexel.be\/fr\/talks\/"},{"@type":"ListItem","position":3,"name":"EP #6.2 : La transition \u00e9nerg\u00e9tique | G\u00e9n\u00e9rer des revenus avec EMS &#038; Compteur num\u00e9rique"}]},{"@type":"WebSite","@id":"https:\/\/rexel.be\/fr\/#website","url":"https:\/\/rexel.be\/fr\/","name":"Rexel","description":"","potentialAction":[{"@type":"SearchAction","target":{"@type":"EntryPoint","urlTemplate":"https:\/\/rexel.be\/fr\/?s={search_term_string}"},"query-input":{"@type":"PropertyValueSpecification","valueRequired":true,"valueName":"search_term_string"}}],"inLanguage":"fr-FR"}]}},"_links":{"self":[{"href":"https:\/\/rexel.be\/fr\/wp-json\/wp\/v2\/podcast\/987","targetHints":{"allow":["GET"]}}],"collection":[{"href":"https:\/\/rexel.be\/fr\/wp-json\/wp\/v2\/podcast"}],"about":[{"href":"https:\/\/rexel.be\/fr\/wp-json\/wp\/v2\/types\/podcast"}],"wp:featuredmedia":[{"embeddable":true,"href":"https:\/\/rexel.be\/fr\/wp-json\/wp\/v2\/media\/3836"}],"wp:attachment":[{"href":"https:\/\/rexel.be\/fr\/wp-json\/wp\/v2\/media?parent=987"}],"wp:term":[{"taxonomy":"podcast_topic","embeddable":true,"href":"https:\/\/rexel.be\/fr\/wp-json\/wp\/v2\/podcast_topic?post=987"}],"curies":[{"name":"wp","href":"https:\/\/api.w.org\/{rel}","templated":true}]}}

EP #6.2 : La transition énergétique | Générer des revenus avec EMS &#038; Compteur numérique

<!-- This site is optimized with the Yoast SEO plugin v27.4 - https://yoast.com/product/yoast-seo-wordpress/ -->
<title>EP #6.2 : La transition énergétique | Générer des revenus avec EMS &amp; Compteur numérique</title>
<meta name="description" content="Cet épisode souligne que le compteur numérique n&#039;est pas une contrainte, mais plutôt une opportunité d&#039;optimiser la consommation d&#039;énergie." />
<meta name="robots" content="index, follow, max-snippet:-1, max-image-preview:large, max-video-preview:-1" />
<link rel="canonical" href="https://rexel.be/fr/talks/ep-6-2-la-transition-energetique-generer-des-revenus-avec-ems-compteur-numerique/" />
<meta property="og:locale" content="fr_FR" />
<meta property="og:type" content="article" />
<meta property="og:title" content="EP #6.2 : La transition énergétique | Générer des revenus avec EMS &amp; Compteur numérique" />
<meta property="og:description" content="Cet épisode souligne que le compteur numérique n&#039;est pas une contrainte, mais plutôt une opportunité d&#039;optimiser la consommation d&#039;énergie." />
<meta property="og:url" content="https://rexel.be/fr/talks/ep-6-2-la-transition-energetique-generer-des-revenus-avec-ems-compteur-numerique/" />
<meta property="og:site_name" content="Rexel" />
<meta property="article:modified_time" content="2026-01-22T12:23:55+00:00" />
<meta property="og:image" content="https://rexel.be/wp-content/uploads/2025/08/Podcast-energietransitie-FR-scaled.jpg" />
	<meta property="og:image:width" content="2560" />
	<meta property="og:image:height" content="2560" />
	<meta property="og:image:type" content="image/jpeg" />
<meta name="twitter:card" content="summary_large_image" />
<meta name="twitter:label1" content="Durée de lecture estimée" />
	<meta name="twitter:data1" content="2 minutes" />
<script type="application/ld+json" class="yoast-schema-graph">{"@context":"https:\/\/schema.org","@graph":[{"@type":"WebPage","@id":"https:\/\/rexel.be\/fr\/talks\/ep-6-2-la-transition-energetique-generer-des-revenus-avec-ems-compteur-numerique\/","url":"https:\/\/rexel.be\/fr\/talks\/ep-6-2-la-transition-energetique-generer-des-revenus-avec-ems-compteur-numerique\/","name":"EP #6.2 : La transition énergétique | Générer des revenus avec EMS & Compteur numérique","isPartOf":{"@id":"https:\/\/rexel.be\/fr\/#website"},"primaryImageOfPage":{"@id":"https:\/\/rexel.be\/fr\/talks\/ep-6-2-la-transition-energetique-generer-des-revenus-avec-ems-compteur-numerique\/#primaryimage"},"image":{"@id":"https:\/\/rexel.be\/fr\/talks\/ep-6-2-la-transition-energetique-generer-des-revenus-avec-ems-compteur-numerique\/#primaryimage"},"thumbnailUrl":"https:\/\/rexel.be\/wp-content\/uploads\/2025\/08\/Podcast-energietransitie-FR-scaled.jpg","datePublished":"2025-08-28T11:37:23+00:00","dateModified":"2026-01-22T12:23:55+00:00","description":"Cet épisode souligne que le compteur numérique n'est pas une contrainte, mais plutôt une opportunité d'optimiser la consommation d'énergie.","breadcrumb":{"@id":"https:\/\/rexel.be\/fr\/talks\/ep-6-2-la-transition-energetique-generer-des-revenus-avec-ems-compteur-numerique\/#breadcrumb"},"inLanguage":"fr-FR","potentialAction":[{"@type":"ReadAction","target":["https:\/\/rexel.be\/fr\/talks\/ep-6-2-la-transition-energetique-generer-des-revenus-avec-ems-compteur-numerique\/"]}]},{"@type":"ImageObject","inLanguage":"fr-FR","@id":"https:\/\/rexel.be\/fr\/talks\/ep-6-2-la-transition-energetique-generer-des-revenus-avec-ems-compteur-numerique\/#primaryimage","url":"https:\/\/rexel.be\/wp-content\/uploads\/2025\/08\/Podcast-energietransitie-FR-scaled.jpg","contentUrl":"https:\/\/rexel.be\/wp-content\/uploads\/2025\/08\/Podcast-energietransitie-FR-scaled.jpg","width":2560,"height":2560},{"@type":"BreadcrumbList","@id":"https:\/\/rexel.be\/fr\/talks\/ep-6-2-la-transition-energetique-generer-des-revenus-avec-ems-compteur-numerique\/#breadcrumb","itemListElement":[{"@type":"ListItem","position":1,"name":"Home","item":"https:\/\/rexel.be\/fr\/"},{"@type":"ListItem","position":2,"name":"Podcast","item":"https:\/\/rexel.be\/fr\/talks\/"},{"@type":"ListItem","position":3,"name":"EP #6.2 : La transition énergétique | Générer des revenus avec EMS &#038; Compteur numérique"}]},{"@type":"WebSite","@id":"https:\/\/rexel.be\/fr\/#website","url":"https:\/\/rexel.be\/fr\/","name":"Rexel","description":"","potentialAction":[{"@type":"SearchAction","target":{"@type":"EntryPoint","urlTemplate":"https:\/\/rexel.be\/fr\/?s={search_term_string}"},"query-input":{"@type":"PropertyValueSpecification","valueRequired":true,"valueName":"search_term_string"}}],"inLanguage":"fr-FR"}]}</script>
<!-- / Yoast SEO plugin. -->

EP #6.2 : La transition énergétique | Générer des revenus avec EMS & Compteur numérique

Cet épisode souligne que le compteur numérique n'est pas une contrainte, mais plutôt une opportunité d'optimiser la consommation d'énergie.
