{"id":3004,"date":"2025-12-29T16:04:52","date_gmt":"2025-12-29T15:04:52","guid":{"rendered":"https:\/\/rexel.be\/?post_type=podcast&#038;p=3004"},"modified":"2026-01-22T13:29:21","modified_gmt":"2026-01-22T12:29:21","slug":"ep-7-1-ventilation-en-renovation-pourquoi-ventiler-lors-dune-renovation","status":"publish","type":"podcast","link":"https:\/\/rexel.be\/fr\/talks\/ep-7-1-ventilation-en-renovation-pourquoi-ventiler-lors-dune-renovation\/","title":{"rendered":"EP #7.1 : Ventilation en r\u00e9novation | Pourquoi ventiler lors d\u2019une r\u00e9novation ?"},"featured_media":3839,"template":"","meta":{"_acf_changed":false,"inline_featured_image":false,"_links_to":"","_links_to_target":""},"podcast_topic":[176],"class_list":["post-3004","podcast","type-podcast","status-publish","has-post-thumbnail","hentry","podcast_topic-ventilation"],"acf":[],"yoast_head":"<!-- This site is optimized with the Yoast SEO plugin v27.4 - https:\/\/yoast.com\/product\/yoast-seo-wordpress\/ -->\n<title>EP #7.1 : Ventilation en r\u00e9novation | Pourquoi ventiler lors d\u2019une r\u00e9novation ?<\/title>\n<meta name=\"description\" content=\"Pourquoi la ventilation est-elle cruciale lors d&#039;une r\u00e9novation ? Et quel impact un syst\u00e8me mauvais ou bon a-t-il sur notre sant\u00e9 et notre qualit\u00e9 de vie ?\" \/>\n<meta name=\"robots\" content=\"index, follow, max-snippet:-1, max-image-preview:large, max-video-preview:-1\" \/>\n<link rel=\"canonical\" href=\"https:\/\/rexel.be\/fr\/talks\/ep-7-1-ventilation-en-renovation-pourquoi-ventiler-lors-dune-renovation\/\" \/>\n<meta property=\"og:locale\" content=\"fr_FR\" \/>\n<meta property=\"og:type\" content=\"article\" \/>\n<meta property=\"og:title\" content=\"EP #7.1 : Ventilation en r\u00e9novation | Pourquoi ventiler lors d\u2019une r\u00e9novation ?\" \/>\n<meta property=\"og:description\" content=\"Pourquoi la ventilation est-elle cruciale lors d&#039;une r\u00e9novation ? Et quel impact un syst\u00e8me mauvais ou bon a-t-il sur notre sant\u00e9 et notre qualit\u00e9 de vie ?\" \/>\n<meta property=\"og:url\" content=\"https:\/\/rexel.be\/fr\/talks\/ep-7-1-ventilation-en-renovation-pourquoi-ventiler-lors-dune-renovation\/\" \/>\n<meta property=\"og:site_name\" content=\"Rexel\" \/>\n<meta property=\"article:modified_time\" content=\"2026-01-22T12:29:21+00:00\" \/>\n<meta property=\"og:image\" content=\"https:\/\/rexel.be\/wp-content\/uploads\/2025\/12\/Podcast-ventilatie-2-FR-1024x1024.png\" \/>\n\t<meta property=\"og:image:width\" content=\"1024\" \/>\n\t<meta property=\"og:image:height\" content=\"1024\" \/>\n\t<meta property=\"og:image:type\" content=\"image\/png\" \/>\n<meta name=\"twitter:card\" content=\"summary_large_image\" \/>\n<meta name=\"twitter:label1\" content=\"Dur\u00e9e de lecture estim\u00e9e\" \/>\n\t<meta name=\"twitter:data1\" content=\"1 minute\" \/>\n<script type=\"application\/ld+json\" class=\"yoast-schema-graph\">{\"@context\":\"https:\\\/\\\/schema.org\",\"@graph\":[{\"@type\":\"WebPage\",\"@id\":\"https:\\\/\\\/rexel.be\\\/fr\\\/talks\\\/ep-7-1-ventilation-en-renovation-pourquoi-ventiler-lors-dune-renovation\\\/\",\"url\":\"https:\\\/\\\/rexel.be\\\/fr\\\/talks\\\/ep-7-1-ventilation-en-renovation-pourquoi-ventiler-lors-dune-renovation\\\/\",\"name\":\"EP #7.1 : Ventilation en r\u00e9novation | Pourquoi ventiler lors d\u2019une r\u00e9novation ?\",\"isPartOf\":{\"@id\":\"https:\\\/\\\/rexel.be\\\/fr\\\/#website\"},\"primaryImageOfPage\":{\"@id\":\"https:\\\/\\\/rexel.be\\\/fr\\\/talks\\\/ep-7-1-ventilation-en-renovation-pourquoi-ventiler-lors-dune-renovation\\\/#primaryimage\"},\"image\":{\"@id\":\"https:\\\/\\\/rexel.be\\\/fr\\\/talks\\\/ep-7-1-ventilation-en-renovation-pourquoi-ventiler-lors-dune-renovation\\\/#primaryimage\"},\"thumbnailUrl\":\"https:\\\/\\\/rexel.be\\\/wp-content\\\/uploads\\\/2025\\\/12\\\/Podcast-ventilatie-2-FR-scaled.png\",\"datePublished\":\"2025-12-29T15:04:52+00:00\",\"dateModified\":\"2026-01-22T12:29:21+00:00\",\"description\":\"Pourquoi la ventilation est-elle cruciale lors d'une r\u00e9novation ? Et quel impact un syst\u00e8me mauvais ou bon a-t-il sur notre sant\u00e9 et notre qualit\u00e9 de vie ?\",\"breadcrumb\":{\"@id\":\"https:\\\/\\\/rexel.be\\\/fr\\\/talks\\\/ep-7-1-ventilation-en-renovation-pourquoi-ventiler-lors-dune-renovation\\\/#breadcrumb\"},\"inLanguage\":\"fr-FR\",\"potentialAction\":[{\"@type\":\"ReadAction\",\"target\":[\"https:\\\/\\\/rexel.be\\\/fr\\\/talks\\\/ep-7-1-ventilation-en-renovation-pourquoi-ventiler-lors-dune-renovation\\\/\"]}]},{\"@type\":\"ImageObject\",\"inLanguage\":\"fr-FR\",\"@id\":\"https:\\\/\\\/rexel.be\\\/fr\\\/talks\\\/ep-7-1-ventilation-en-renovation-pourquoi-ventiler-lors-dune-renovation\\\/#primaryimage\",\"url\":\"https:\\\/\\\/rexel.be\\\/wp-content\\\/uploads\\\/2025\\\/12\\\/Podcast-ventilatie-2-FR-scaled.png\",\"contentUrl\":\"https:\\\/\\\/rexel.be\\\/wp-content\\\/uploads\\\/2025\\\/12\\\/Podcast-ventilatie-2-FR-scaled.png\",\"width\":2560,\"height\":2560},{\"@type\":\"BreadcrumbList\",\"@id\":\"https:\\\/\\\/rexel.be\\\/fr\\\/talks\\\/ep-7-1-ventilation-en-renovation-pourquoi-ventiler-lors-dune-renovation\\\/#breadcrumb\",\"itemListElement\":[{\"@type\":\"ListItem\",\"position\":1,\"name\":\"Home\",\"item\":\"https:\\\/\\\/rexel.be\\\/fr\\\/\"},{\"@type\":\"ListItem\",\"position\":2,\"name\":\"Podcast\",\"item\":\"https:\\\/\\\/rexel.be\\\/fr\\\/talks\\\/\"},{\"@type\":\"ListItem\",\"position\":3,\"name\":\"EP #7.1 : Ventilation en r\u00e9novation | Pourquoi ventiler lors d\u2019une r\u00e9novation ?\"}]},{\"@type\":\"WebSite\",\"@id\":\"https:\\\/\\\/rexel.be\\\/fr\\\/#website\",\"url\":\"https:\\\/\\\/rexel.be\\\/fr\\\/\",\"name\":\"Rexel\",\"description\":\"\",\"potentialAction\":[{\"@type\":\"SearchAction\",\"target\":{\"@type\":\"EntryPoint\",\"urlTemplate\":\"https:\\\/\\\/rexel.be\\\/fr\\\/?s={search_term_string}\"},\"query-input\":{\"@type\":\"PropertyValueSpecification\",\"valueRequired\":true,\"valueName\":\"search_term_string\"}}],\"inLanguage\":\"fr-FR\"}]}<\/script>\n<!-- \/ Yoast SEO plugin. -->","yoast_head_json":{"title":"EP #7.1 : Ventilation en r\u00e9novation | Pourquoi ventiler lors d\u2019une r\u00e9novation ?","description":"Pourquoi la ventilation est-elle cruciale lors d'une r\u00e9novation ? Et quel impact un syst\u00e8me mauvais ou bon a-t-il sur notre sant\u00e9 et notre qualit\u00e9 de vie ?","robots":{"index":"index","follow":"follow","max-snippet":"max-snippet:-1","max-image-preview":"max-image-preview:large","max-video-preview":"max-video-preview:-1"},"canonical":"https:\/\/rexel.be\/fr\/talks\/ep-7-1-ventilation-en-renovation-pourquoi-ventiler-lors-dune-renovation\/","og_locale":"fr_FR","og_type":"article","og_title":"EP #7.1 : Ventilation en r\u00e9novation | Pourquoi ventiler lors d\u2019une r\u00e9novation ?","og_description":"Pourquoi la ventilation est-elle cruciale lors d'une r\u00e9novation ? Et quel impact un syst\u00e8me mauvais ou bon a-t-il sur notre sant\u00e9 et notre qualit\u00e9 de vie ?","og_url":"https:\/\/rexel.be\/fr\/talks\/ep-7-1-ventilation-en-renovation-pourquoi-ventiler-lors-dune-renovation\/","og_site_name":"Rexel","article_modified_time":"2026-01-22T12:29:21+00:00","og_image":[{"width":1024,"height":1024,"url":"https:\/\/rexel.be\/wp-content\/uploads\/2025\/12\/Podcast-ventilatie-2-FR-1024x1024.png","type":"image\/png"}],"twitter_card":"summary_large_image","twitter_misc":{"Dur\u00e9e de lecture estim\u00e9e":"1 minute"},"schema":{"@context":"https:\/\/schema.org","@graph":[{"@type":"WebPage","@id":"https:\/\/rexel.be\/fr\/talks\/ep-7-1-ventilation-en-renovation-pourquoi-ventiler-lors-dune-renovation\/","url":"https:\/\/rexel.be\/fr\/talks\/ep-7-1-ventilation-en-renovation-pourquoi-ventiler-lors-dune-renovation\/","name":"EP #7.1 : Ventilation en r\u00e9novation | Pourquoi ventiler lors d\u2019une r\u00e9novation ?","isPartOf":{"@id":"https:\/\/rexel.be\/fr\/#website"},"primaryImageOfPage":{"@id":"https:\/\/rexel.be\/fr\/talks\/ep-7-1-ventilation-en-renovation-pourquoi-ventiler-lors-dune-renovation\/#primaryimage"},"image":{"@id":"https:\/\/rexel.be\/fr\/talks\/ep-7-1-ventilation-en-renovation-pourquoi-ventiler-lors-dune-renovation\/#primaryimage"},"thumbnailUrl":"https:\/\/rexel.be\/wp-content\/uploads\/2025\/12\/Podcast-ventilatie-2-FR-scaled.png","datePublished":"2025-12-29T15:04:52+00:00","dateModified":"2026-01-22T12:29:21+00:00","description":"Pourquoi la ventilation est-elle cruciale lors d'une r\u00e9novation ? Et quel impact un syst\u00e8me mauvais ou bon a-t-il sur notre sant\u00e9 et notre qualit\u00e9 de vie ?","breadcrumb":{"@id":"https:\/\/rexel.be\/fr\/talks\/ep-7-1-ventilation-en-renovation-pourquoi-ventiler-lors-dune-renovation\/#breadcrumb"},"inLanguage":"fr-FR","potentialAction":[{"@type":"ReadAction","target":["https:\/\/rexel.be\/fr\/talks\/ep-7-1-ventilation-en-renovation-pourquoi-ventiler-lors-dune-renovation\/"]}]},{"@type":"ImageObject","inLanguage":"fr-FR","@id":"https:\/\/rexel.be\/fr\/talks\/ep-7-1-ventilation-en-renovation-pourquoi-ventiler-lors-dune-renovation\/#primaryimage","url":"https:\/\/rexel.be\/wp-content\/uploads\/2025\/12\/Podcast-ventilatie-2-FR-scaled.png","contentUrl":"https:\/\/rexel.be\/wp-content\/uploads\/2025\/12\/Podcast-ventilatie-2-FR-scaled.png","width":2560,"height":2560},{"@type":"BreadcrumbList","@id":"https:\/\/rexel.be\/fr\/talks\/ep-7-1-ventilation-en-renovation-pourquoi-ventiler-lors-dune-renovation\/#breadcrumb","itemListElement":[{"@type":"ListItem","position":1,"name":"Home","item":"https:\/\/rexel.be\/fr\/"},{"@type":"ListItem","position":2,"name":"Podcast","item":"https:\/\/rexel.be\/fr\/talks\/"},{"@type":"ListItem","position":3,"name":"EP #7.1 : Ventilation en r\u00e9novation | Pourquoi ventiler lors d\u2019une r\u00e9novation ?"}]},{"@type":"WebSite","@id":"https:\/\/rexel.be\/fr\/#website","url":"https:\/\/rexel.be\/fr\/","name":"Rexel","description":"","potentialAction":[{"@type":"SearchAction","target":{"@type":"EntryPoint","urlTemplate":"https:\/\/rexel.be\/fr\/?s={search_term_string}"},"query-input":{"@type":"PropertyValueSpecification","valueRequired":true,"valueName":"search_term_string"}}],"inLanguage":"fr-FR"}]}},"_links":{"self":[{"href":"https:\/\/rexel.be\/fr\/wp-json\/wp\/v2\/podcast\/3004","targetHints":{"allow":["GET"]}}],"collection":[{"href":"https:\/\/rexel.be\/fr\/wp-json\/wp\/v2\/podcast"}],"about":[{"href":"https:\/\/rexel.be\/fr\/wp-json\/wp\/v2\/types\/podcast"}],"wp:featuredmedia":[{"embeddable":true,"href":"https:\/\/rexel.be\/fr\/wp-json\/wp\/v2\/media\/3839"}],"wp:attachment":[{"href":"https:\/\/rexel.be\/fr\/wp-json\/wp\/v2\/media?parent=3004"}],"wp:term":[{"taxonomy":"podcast_topic","embeddable":true,"href":"https:\/\/rexel.be\/fr\/wp-json\/wp\/v2\/podcast_topic?post=3004"}],"curies":[{"name":"wp","href":"https:\/\/api.w.org\/{rel}","templated":true}]}}

EP #7.1 : Ventilation en rénovation | Pourquoi ventiler lors d’une rénovation ?

<!-- This site is optimized with the Yoast SEO plugin v27.4 - https://yoast.com/product/yoast-seo-wordpress/ -->
<title>EP #7.1 : Ventilation en rénovation | Pourquoi ventiler lors d’une rénovation ?</title>
<meta name="description" content="Pourquoi la ventilation est-elle cruciale lors d&#039;une rénovation ? Et quel impact un système mauvais ou bon a-t-il sur notre santé et notre qualité de vie ?" />
<meta name="robots" content="index, follow, max-snippet:-1, max-image-preview:large, max-video-preview:-1" />
<link rel="canonical" href="https://rexel.be/fr/talks/ep-7-1-ventilation-en-renovation-pourquoi-ventiler-lors-dune-renovation/" />
<meta property="og:locale" content="fr_FR" />
<meta property="og:type" content="article" />
<meta property="og:title" content="EP #7.1 : Ventilation en rénovation | Pourquoi ventiler lors d’une rénovation ?" />
<meta property="og:description" content="Pourquoi la ventilation est-elle cruciale lors d&#039;une rénovation ? Et quel impact un système mauvais ou bon a-t-il sur notre santé et notre qualité de vie ?" />
<meta property="og:url" content="https://rexel.be/fr/talks/ep-7-1-ventilation-en-renovation-pourquoi-ventiler-lors-dune-renovation/" />
<meta property="og:site_name" content="Rexel" />
<meta property="article:modified_time" content="2026-01-22T12:29:21+00:00" />
<meta property="og:image" content="https://rexel.be/wp-content/uploads/2025/12/Podcast-ventilatie-2-FR-1024x1024.png" />
	<meta property="og:image:width" content="1024" />
	<meta property="og:image:height" content="1024" />
	<meta property="og:image:type" content="image/png" />
<meta name="twitter:card" content="summary_large_image" />
<meta name="twitter:label1" content="Durée de lecture estimée" />
	<meta name="twitter:data1" content="1 minute" />
<script type="application/ld+json" class="yoast-schema-graph">{"@context":"https:\/\/schema.org","@graph":[{"@type":"WebPage","@id":"https:\/\/rexel.be\/fr\/talks\/ep-7-1-ventilation-en-renovation-pourquoi-ventiler-lors-dune-renovation\/","url":"https:\/\/rexel.be\/fr\/talks\/ep-7-1-ventilation-en-renovation-pourquoi-ventiler-lors-dune-renovation\/","name":"EP #7.1 : Ventilation en rénovation | Pourquoi ventiler lors d’une rénovation ?","isPartOf":{"@id":"https:\/\/rexel.be\/fr\/#website"},"primaryImageOfPage":{"@id":"https:\/\/rexel.be\/fr\/talks\/ep-7-1-ventilation-en-renovation-pourquoi-ventiler-lors-dune-renovation\/#primaryimage"},"image":{"@id":"https:\/\/rexel.be\/fr\/talks\/ep-7-1-ventilation-en-renovation-pourquoi-ventiler-lors-dune-renovation\/#primaryimage"},"thumbnailUrl":"https:\/\/rexel.be\/wp-content\/uploads\/2025\/12\/Podcast-ventilatie-2-FR-scaled.png","datePublished":"2025-12-29T15:04:52+00:00","dateModified":"2026-01-22T12:29:21+00:00","description":"Pourquoi la ventilation est-elle cruciale lors d'une rénovation ? Et quel impact un système mauvais ou bon a-t-il sur notre santé et notre qualité de vie ?","breadcrumb":{"@id":"https:\/\/rexel.be\/fr\/talks\/ep-7-1-ventilation-en-renovation-pourquoi-ventiler-lors-dune-renovation\/#breadcrumb"},"inLanguage":"fr-FR","potentialAction":[{"@type":"ReadAction","target":["https:\/\/rexel.be\/fr\/talks\/ep-7-1-ventilation-en-renovation-pourquoi-ventiler-lors-dune-renovation\/"]}]},{"@type":"ImageObject","inLanguage":"fr-FR","@id":"https:\/\/rexel.be\/fr\/talks\/ep-7-1-ventilation-en-renovation-pourquoi-ventiler-lors-dune-renovation\/#primaryimage","url":"https:\/\/rexel.be\/wp-content\/uploads\/2025\/12\/Podcast-ventilatie-2-FR-scaled.png","contentUrl":"https:\/\/rexel.be\/wp-content\/uploads\/2025\/12\/Podcast-ventilatie-2-FR-scaled.png","width":2560,"height":2560},{"@type":"BreadcrumbList","@id":"https:\/\/rexel.be\/fr\/talks\/ep-7-1-ventilation-en-renovation-pourquoi-ventiler-lors-dune-renovation\/#breadcrumb","itemListElement":[{"@type":"ListItem","position":1,"name":"Home","item":"https:\/\/rexel.be\/fr\/"},{"@type":"ListItem","position":2,"name":"Podcast","item":"https:\/\/rexel.be\/fr\/talks\/"},{"@type":"ListItem","position":3,"name":"EP #7.1 : Ventilation en rénovation | Pourquoi ventiler lors d’une rénovation ?"}]},{"@type":"WebSite","@id":"https:\/\/rexel.be\/fr\/#website","url":"https:\/\/rexel.be\/fr\/","name":"Rexel","description":"","potentialAction":[{"@type":"SearchAction","target":{"@type":"EntryPoint","urlTemplate":"https:\/\/rexel.be\/fr\/?s={search_term_string}"},"query-input":{"@type":"PropertyValueSpecification","valueRequired":true,"valueName":"search_term_string"}}],"inLanguage":"fr-FR"}]}</script>
<!-- / Yoast SEO plugin. -->

Pourquoi la ventilation est-elle cruciale lors d'une rénovation ? Et quel impact un système mauvais ou bon a-t-il sur notre santé et notre qualité de vie ?
